mmon divisor of 206695 and 335?
335
Calculate the greatest common factor of 300685 and 12496.
781
What is the greatest common divisor of 152424 and 16?
8
What is the greatest common divisor of 9 and 4251591?
9
Calculate the highest common divisor of 799858 and 23686.
1822
Calculate the greatest common divisor of 121156 and 28.
28
What is the greatest common factor of 63915 and 15?
15
Calculate the greatest common divisor of 2877 and 8547.
21
What is the greatest common factor of 315 and 228480?
105
Calculate the highest common factor of 509400 and 32850.
450
Calculate the greatest common divisor of 752 and 244682.
94
Calculate the highest common factor of 41239 and 1265.
253
Calculate the greatest common divisor of 16246 and 4.
2
Calculate the greatest common factor of 2079 and 11627.
77
What is the greatest common factor of 8319 and 10293?
141
What is the greatest common divisor of 4888232 and 1097?
1097
What is the greatest common divisor of 82692 and 144?
36
What is the highest common divisor of 67376 and 64?
16
What is the highest common factor of 5103 and 7623?
63
Calculate the greatest common divisor of 208050 and 275.
25
Calculate the highest common factor of 20 and 1631.
1
Calculate the greatest common factor of 24307831 and 257.
257
Calculate the highest common divisor of 17999 and 3512.
439
Calculate the highest common factor of 22803 and 1353.
33
Calculate the highest common factor of 2912 and 8498.
14
Calculate the highest common divisor of 7276 and 68.
68
What is the highest common divisor of 133 and 11459?
7
Calculate the greatest common divisor of 78 and 78208.
26
Calculate the highest common factor of 31104 and 2916.
972
What is the greatest common factor of 70215 and 62?
31
What is the highest common factor of 100172 and 316?
316
Calculate the greatest common factor of 798458 and 678.
226
What is the greatest common factor of 4864 and 39672?
152
What is the highest common factor of 1240 and 706955?
155
What is the highest common factor of 3339 and 4725?
63
Calculate the greatest common divisor of 15 and 936531.
3
What is the greatest common factor of 168 and 4746?
42
What is the greatest common factor of 35 and 5873?
7
What is the greatest common factor of 17 and 1581799?
17
Calculate the greatest common divisor of 757217 and 47.
47
Calculate the highest common factor of 88 and 26092.
44
Calculate the greatest common factor of 45 and 21987.
9
What is the highest common divisor of 186 and 685596?
186
What is the highest common factor of 392 and 127064?
56
Calculate the greatest common divisor of 39263 and 56.
7
Calculate the highest common factor of 40292 and 644.
28
Calculate the greatest common divisor of 37 and 6193541.
37
Calculate the highest common divisor of 5716 and 388.
4
Calculate the greatest common factor of 141 and 141235.
47
Calculate the highest common divisor of 125018 and 170.
34
Calculate the greatest common divisor of 220 and 1626526.
22
What is the greatest common divisor of 18 and 26478?
18
What is the highest common divisor of 43172 and 129?
43
What is the highest common factor of 236959 and 58?
29
What is the highest common factor of 22600 and 780?
20
Calculate the highest common factor of 131805 and 90.
45
What is the highest common factor of 40 and 148?
4
What is the greatest common divisor of 112907 and 184?
23
Calculate the highest common factor of 4848 and 1096.
8
Calculate the highest common divisor of 332176 and 117.
13
Calculate the greatest common divisor of 45 and 38727.
9
What is the highest common factor of 688604 and 84?
28
Calculate the highest common divisor of 106 and 43937.
53
Calculate the greatest common factor of 10275 and 465.
15
Calculate the greatest common divisor of 570790 and 88.
22
What is the greatest common factor of 3306 and 2508?
114
Calculate the greatest common factor of 28034 and 12838.
262
Calculate the highest common divisor of 20 and 494830.
10
Calculate the highest common factor of 2873 and 62662.
17
Calculate the greatest common factor of 5603 and 8749.
13
Calculate the greatest common factor of 48 and 173940.
12
What is the greatest common divisor of 1103206 and 21593?
1963
Calculate the greatest common divisor of 472223 and 279.
31
Calculate the greatest common factor of 292 and 459754.
146
Calculate the highest common factor of 2675 and 1825.
25
Calculate the greatest common factor of 16144 and 16.
16
Calculate the greatest common factor of 5 and 1268395.
5
What is the highest common factor of 1959683 and 201?
67
Calculate the greatest common divisor of 68 and 810.
2
What is the greatest common factor of 1520 and 520?
40
Calculate the greatest common factor of 520 and 19656.
104
Calculate the greatest common factor of 27480 and 270.
30
Calculate the greatest common divisor of 16580 and 380.
20
Calculate the highest common factor of 58 and 27463.
29
Calculate the highest common factor of 24 and 83598.
6
Calculate the greatest common divisor of 182 and 19369.
7
What is the greatest common divisor of 1451 and 27?
1
What is the greatest common factor of 186591 and 111?
111
Calculate the highest common factor of 18039 and 987.
21
Calculate the highest common divisor of 141328 and 352.
176
What is the greatest common divisor of 15090 and 10?
10
What is the greatest common divisor of 129754 and 10?
2
What is the highest common factor of 22603 and 63?
7
Calculate the greatest common factor of 744 and 1896.
24
Calculate the greatest common divisor of 53723 and 217.
31
What is the highest common factor of 493308 and 108?
36
What is the greatest common factor of 8 and 21604?
4
Calculate the highest common divisor of 29677 and 472.
59
What is the greatest common factor of 66233 and 26617?
619
What is the highest common factor of 267 and 236028?
267
Calculate the greatest common factor of 695 and 1165.
5
What is the greatest common factor of 362 and 11992698?
362
What is the greatest common factor of 1863 and 134619?
69
Calculate the highest common factor of 3393 and 897.
39
Calculate the highest common factor of 4 and 44750.
2
Calculate the highest common divisor of 7000 and 399350.
350
Calculate the highest common factor of 9847 and 1145.
229
Calculate the greatest common divisor of 13703 and 8106.
193
What is the greatest common divisor of 1926 and 107535?
321
Calculate the greatest common factor of 3415060 and 440.
220
What is the greatest common factor of 313 and 105168?
313
Calculate the greatest common divisor of 8 and 476120.
8
What is the greatest common divisor of 11 and 16967533?
11
Calculate the greatest common factor of 243165 and 975.
195
What is the highest common divisor of 68 and 1416763?
17
Calculate the highest common factor of 231162 and 354.
354
Calculate the greatest common divisor of 820 and 510491.
41
What is the highest common divisor of 138 and 618?
6
Calculate the greatest common factor of 117 and 29169.
9
What is the greatest common divisor of 498 and 214970?
166
What is the greatest common divisor of 14782 and 61462?
778
What is the highest common divisor of 180 and 11682?
18
Calculate the greatest common divisor of 368 and 5656.
8
Calculate the greatest common divisor of 675 and 9585.
135
Calculate the highest common factor of 10185 and 6.
3
Calculate the highest common factor of 311 and 1897411.
311
What is the greatest common factor of 2 and 224436?
2
Calculate the greatest common divisor of 134829 and 53172.
1899
What is the greatest common divisor of 42 and 73878?
42
What is the greatest common divisor of 325 and 282880?
65
What is the highest common divisor of 18 and 3370014?
18
What is the highest common divisor of 1345 and 2841985?
1345
What is the greatest common divisor of 28670 and 183?
61
Calculate the highest common factor of 320481 and 84.
21
What is the highest common factor of 14516 and 2356?
76
What is the greatest common divisor of 1183 and 133?
7
Calculate the highest common factor of 74 and 55870.
74
Calculate the highest common factor of 9017 and 13081.
127
Calculate the greatest common factor of 546762 and 12.
6
What is the highest common divisor of 323596 and 104?
52
What is the greatest common divisor of 1521 and 92950?
169
Calculate the highest common divisor of 3395 and 945.
35
What is the highest common factor of 665